is the value of 5 + -1 - (8 - -1 - 4)?
-1
Evaluate 20 + -28 + (-1 - -7).
-2
What is the value of -6 - (-14 - ((0 - 3) + 0))?
5
2 - (3 + -6 - -1) - 1
3
-5 + (6 - 5) + 8
4
What is -9 + 0 + -25 + 32?
-2
Calculate (-3 - -1 - 0) + (5 - 3).
0
-7 + 5 + (3 - (2 + -4))
3
What is the value of 6 + 3 + -13 - (-1 - 2)?
-1
2 + (-5 - -3) + 0
0
51 + -62 + (-2 - -21)
8
Calculate 4 + -2 - (-3 - -1).
4
Evaluate 3 + -4 - 1 - (-13 - -10).
1
What is 8 + -2 + -8 + 4?
2
What is (3 - 9) + 6 + (-1 - -1)?
0
What is -10 - -10 - (1 - 1)?
0
Calculate -9 + 6 + -2 + 3.
-2
Evaluate 1 + -4 - (8 - 8 - -2).
-5
(-3 - (-4 - -2)) + 1
0
Calculate -3 + (15 - (-1 - (-5 - 0))).
8
Calculate (-3 - 11) + 6 - -10.
2
-7 - -11 - (0 + 5)
-1
What is (-3 - -4 - 0 - -7) + -4?
4
What is -14 + 15 + 0 + 4?
5
Evaluate 4 + (-9 - (7 + -11)).
-1
(1 - 9) + -23 + 52 + -29
-8
What is the value of (2 - 1) + 2 + (6 - 6)?
3
What is -21 + 18 + (-2 - -1) - -1?
-3
What is the value of 2 + -10 - (23 - 28)?
-3
-2 + -7 + 9 + -1
-1
What is 0 - (-2 + 0 - (6 + -12))?
-4
What is -3 + -2 - -6 - 3 - -5?
3
What is the value of (-1 - -4 - (16 - 3)) + 3?
-7
Evaluate -9 + 9 + 0 + -3 + 1.
-2
Evaluate -5 + (4 + (0 - 5) - -3).
-3
What is the value of (1 - -15) + -17 + 2 + 1?
2
What is -1 + 4 + 1 + (7 - 15)?
-4
Evaluate -15 + 2 - (2 + -13).
-2
What is (5 - (-1 - -2) - -3) + 0?
7
Evaluate (5 + 5 - 22) + 9.
-3
-2 - 2 - (7 - 12)
1
Evaluate -4 + 8 + -4 + 2.
2
What is the value of 6 + -1 + -6 + 2?
1
What is the value of 28 + -25 + (-6 - 7)?
-10
Calculate 0 + 6 + (1 - -1) - 5.
3
What is -9 - ((-13 - -13) + -12)?
3
Evaluate (-2 - 0) + -20 + 20.
-2
Evaluate (-2 - (-1 + 0)) + (-3 - -6).
2
Evaluate -1 + (12 + -4 - 4).
3
-1 - -4 - 0 - 8
-5
Calculate 16 - 11 - 26 - -13.
-8
Calculate -4 + 1 - (10 + -10).
-3
What is the value of 0 - (-3 + 4 + (-1 - -5))?
-5
(-10 - -17) + -2 + -4
1
Evaluate 1 - (8 - (5 - 2)).
-4
Evaluate (0 - (6 + -6 - -6)) + 4.
-2
What is -8 + (10 - 2) + -5?
-5
What is 8 + (2 - (13 + (-5 - 2)))?
4
4 - (-2 + (-1 - 0))
7
Calculate -3 + (-2 + 6 + 5 - 4).
2
What is (1 - -1) + 0 - 4?
-2
What is 0 + 4 + -3 + 1 + 0?
2
What is the value of 1 + 4 + 0 + -10 + 6?
1
What is the value of 7 + 1 + (16 - (-5 - -20))?
9
What is the value of -2 - -6 - 3 - 1 - 3?
-3
Calculate -3 - -1 - (-9 + 3).
4
Evaluate 1 - (-2 - -11 - 9).
1
6 - (-2 - -4) - 1 - 7
-4
What is (1 - (-3 + (-2 - -8))) + -3?
-5
Calculate 13 - 13 - (-3 + -1).
4
What is the value of 4 + 0 + -2 + -4?
-2
What is the value of (7 - 7 - (0 + 4)) + -3?
-7
-8 + 1 - (-1 + -2)
-4
What is -4 - (13 + 1 + -10)?
-8
What is ((8 - 5) + 2 - 7) + -3?
-5
What is the value of (0 - -3) + 21 + -25?
-1
Evaluate (0 - -8) + -72 + 60.
-4
Evaluate (8 - -2) + -2 - (-24 + 28).
4
-7 + 3 + 1 - (-13 + 8)
2
What is the value of 0 - (1 - 1 - 2 - -2)?
0
Evaluate (-3 - -5) + 4 + 2 + -2.
6
0 + 1 + -4 - (-6 - -8)
-5
What is 1 + (0 + 0 - 9)?
-8
What is the value of -4 + 1 - (-8 - 0)?
5
What is the value of (-1 - -7) + (-12 - -12)?
6
Calculate (2 - 1 - 2) + -6 + 3.
-4
Calculate 1 + 6 + -7 + 5.
5
-10 + 11 + (-2 - -3 - -3)
5
Evaluate (6 - (8 + -6)) + -5.
-1
Calculate 3 + 0 - (87 - 89).
5
What is (4 - 3) + -8 - -9?
2
Evaluate -2 + -8 + 2 - -4 - -5.
1
What is the value of (-2 - -1) + (-10 - -7)?
-4
Evaluate 7 + -10 + -8 + 11.
0
What is the value of 2 - 2 - (-11 + 8) - 4?
-1
Calculate 3 + 0 + (0 - (6 - 4)).
1
Evaluate 2 - -2 - ((-8 - -6) + 0).
6
What is -2 + 2 + 8 + (13 - 17)?
4
What is -2 - (-10 + 4) - 1?
3
-1 + 1 + (-1 - -6)
5
Evaluate 1 + (7 + -13 - -9).
4
-2 - (-1 - (3 + (-2 - -2)))
2
What is 1 - 2 - (-4 - -2)?
1
What is (0 - -2) + -13 + 7?
-4
Evaluate (-3 - 2) + (3 - 2).
-4
What is (1 - 2) + -12 + 12?
-1
What is the value of 11 - (6 + 14 + -8)?
-1
Evaluate 0 + (7 - (9 + 3)).
-5
What is the value of (-8 + 3 - (-3 + 6)) + -2?
-10
-6 + (20 - 5) - 8
1
What is -3 - ((0 - -4) + -3)?
-4
Evaluate 7 - (3 + -4 + 11).
-3
What is -2 + (3 + 5 - 5) + -6?
-5
Evaluate 2 + 1 + (2 - 2).
3
What is the value of -2 + 5 - (-2 - 0)?
5
Calculate 2 + -2 + 2 + -4 + 1.
-1
What is 11 - ((-2 - 7) + 9)?
11
What is (8 - (3 - -1)) + 0?
4
What is -6 + 6 - (1 - -1)?
-2
What is the value of 0 + 3 + (-27 - -19)?
-5
(1 - 4) + (-23 - -10 - -8)
-8
What is the value of 24 - 13 - 6 - (-1 - -1)?
5
What is -2 - (-3 - -4) - -5?
2
What is 6 + 1 + 0 + -2?
5
What is -6 + (12 - 6) + 0?
0
What is 1 + (4 - 6 - -2 - 4)?
-3
Evaluate 8 - (-10 - -12) - (9 - 0).
-3
Evaluate -1 - -2 - ((1 - 6) + 7).
-1
What is the value of -27 - -17 - (-8 - -1)?
-3
Calculate -5 - (-6 - 2) - (0 + 6).
-3
(-11 - -11 - -12) + -8
4
(4 - 0) + -7 - -1
-2
Calculate -7 - (0 + 1 + -2).
-6
What is the value of (18 - 7 - 4) + (1 - -1)?
9
What is the value of -4 + (-14 + 18 - (0 - -7))?
-7
What is the value of -3 + 3 + 0 + -2?
-2
8 + -13 - (-10 - 3)
8
Calculate 4 + 2 - (-9 - (-11 + -9)).
-5
Calculate (29 + -8 - 10) + -4.
7
Calculate -18 + 20 - (1 + 2) - 1.
-2
What is the value of 5 + -7 + 7 - -2?
7
Calculate -3 - -4 - 3 - -5 - 3.
0
2 + (1 - 3) + -2 + 0
-2
(1 - -3) + (-4 - -5)
5
What is 4 + 0 - (-24 - -23)?
5
Calculate (0 - (10 + -16)) + (-3 - 2).
1
Evaluate -3 + (1 + 2 - (-6 - -8)).
-2
-3 + (-3 + -1 + 5 - 3)
-5
5 + 3 + -7 - (3 - -2)
-4
What is -13 - (-4 - (4 + (-3 - -1)))?
-7
Evaluate 1 + 4 - ((20 - 11) + -7).
3
Evaluate -2 - (1 + -4 + -1).
2
Evaluate -1 + 9 - (54 - 44).
-2
Evaluate -12 + -7 + 17 + -6.
-8
What is the value of -12 + 3 + 0 + 8?
-1
Calculate (4 - (2 - (-7 + 1))) + 1.
-3
-6 - -13 - (6 + -1 + -1)
3
-8 + 1 + (-8 - -19 - 3)
1
Calculate 2 + 6 - (2 - -3).
3
What is 6 + (0 - 1) + -3 - -1?
3
Calculate 0 + 0 + (5 - 5).
0
What is (3 - (2 - (-4 + 0))) + -1?
-4
(-58 - -48) + (1 - -4) - -14
9
8 - 6 - (3 + 0)
-1
11 - ((1 - 3) + 6)
7
What is the value of -4 - ((6 - 4) + -1) - 3?
-8
What is (2 - (-4 + (11 - -1))) + 15?
9
What is the value of (-4 - (-5 - -7)) + -2 + 5?
-3
Evaluate 3 - (2 - -1 - -2).
-2
What is -3 + 1 - (-1 + -3)?
2
(4 - 4) + -10 + 7 + 1
-2
Evaluate 7 - (4 - (-4 + 6) - -2).
3
What is the value of -1 + 1 + 2 - (4 + -4)?
2
Evaluate -2 + 0 + 1 - (-5 + 3).
1
14 - (2 - -9) - (0 - -2)
1
What is the value of -10 + -8 + (5 - -7)?
-6
Calculate 1 - (-4 + 1 - 1).
5
Calculate -8 + 12 + -14 - -13.
3
(-6 - (-1 - 3)) + (5 - 1)
2
Calculate (1 - 0 - (4 - -1)) + 5.
1
Calculate 4 + (5 + -4 - (-3 - -5)).
3
What is the value of (4 - (-3 + 6)) + 1?
2
What is the value of 2 + 2 + -5 - (0 - 2)?
1
8 - ((-8 + 5 - -1) + 0)
10
Evaluate 0 + (0 + -2 - 2).
-4
Calculate -21 - -27 - (5 - (1 + 0)).
2
What is the value of -1 - ((4 - 13) + 4)?
4
Calculate -2 + 6 + -8 + 7.
3
Evaluate 2 - (-1 - 0) - (4 + -6).
5
What is 0 - -1 - (5 - (3 + -4))?
-5
Calculate -1 + (-1 - -2) - -2.
2
Evaluate -8 + (9 + -7 - -2).
-4
What is 0 + -2 + 4 - (7 - 11)?
6
Calculate (3 - 11) + 2 - (-3 + -1).
-2
10 - (5 - (7 + -3))
9
What is the value of 5 + 11 + (-32 - -13)?
-3
What is (7 - 2) + (-10 - (-1 - -2))?
-6
What is -1 + 1 - (0 + -5)?
5
Calculate (-1 + 0 - 6) + (3 - 1).
-5
(-1 - (0 - -1)) + (1 - 1)
-2
28 + -24 + -2 + -10
-8
What is the value of (-3 - (9 + -3)) + 0?
-9
Calculate 0 + -4 + 4 - -5.
5
Evaluate -1 - 1 - (-135 + 123).
10
What is -3 + (15 - 0) + (4 - 10)?
6
What is 5 + (5 - 1) + -9?
0
What is -2 + (-1 - (-5 + 0) - 5)?
-3
What is -6 - -8 - (-3 - 0)?
5
Evaluate -4 - (0 + 5 + -7).
-2
What is the value of -1 - (-1 + 3 + (6 - 16))?
7
What is (0 - (-3 - (-2 - 1))) + -5?
-5
What is the value of -2 - -2 - (2 + -6)?
4
What is the value of 11 - (17 - (10 - -1))?
5
4 - (-3 - (-6 - -3))
4
What is -1 + -2 - -5 - 0?
2
What is the value of -28 + 24 - (-9 + 1)?
4
Evaluate (-2 - 6) + 0 - (-11 + 8).
-5
Calculate 2 + -1 - (3 - (4 - -2)).
4
What is the value of -14 + 16 + (0 - 2)?
0
What is the value of (27 + -9 - 9) + -3?
6
What is -7 - (-10 - -8) - 0?
-5
What is 5 - 3 - 0 - (-1 - -2)?
1
Calculate -2 - (-2 - (-4 + 0)) - -2.
-2
What is 2 - (2 + (-2 - -1) - -6)?
-5
What is -1 + -1 + (-22 - -30 - 5)?
1
-3 - (-5 - -1) - (-5 - -1)
5
What is -8 + (0 - 3) + 8?
-3
What is (1 - 2) + 4 + (1 - 3)?
1
What is 8 - (-1 - -7) - 2?
0
What is (12 - 35) + 12 - -4?
-7
Calculate 2 + -3 - -4 - (11 + -4).
-4
What is 0 + 0 - (-2 + 2 + -4)?
4
What is the value of -17 + 23 + 0 + 3 + -1?
8
What is the value of -7 + (-2 - ((10 - 7) + -4))?
-8
Calculate 1 + 4 + -2 + 2.
5
What is -8 - (5 + -6 + -2)?
-5
Calculate (2 - (3 - 2)) + (-4 - -4).
1
What is the value of (-4 - -1) + (0 - -1)?
-